greatest common factor of 4 and s?
2
Suppose -4*s + 2 = 3*c + 3, 0 = -4*c + 20. Let m(y) = -1 + 3 + 11 - 1 + 18*y - 20*y. Let j be m(s). Calculate the greatest common divisor of 40 and j.
20
Let b be (-72)/(-24) - 0/(-2). Suppose 4*w - b*w = -t + 155, -t = -2*w + 307. Calculate the greatest common factor of w and 22.
22
Suppose -92 = -9*h - 20. Suppose m = -2*y + 6, 5*m + 5*y - 26 = -6. Let g = 6 + m. What is the greatest common divisor of g and h?
8
Let m be (0 - 2)/(-2 - (-21)/11). Let d = m - 9. Calculate the greatest common factor of 65 and d.
13
Let v = 24 - 24. Let d be v - 8*2/4. Let q be d/22 - (-210)/66. Calculate the highest common divisor of 27 and q.
3
Let c = 136 - 68. Calculate the greatest common factor of 119 and c.
17
Suppose 2*v + 6 - 26 = 0. Let p be (-6)/(-15) - (-516)/v. Let s = -29 + p. What is the highest common divisor of s and 253?
23
Let j be (24 + 8)/(2/5). Let v = 137 - j. Let q = v - 13. What is the greatest common divisor of 22 and q?
22
Let p(g) = 398*g + 1199. Let x be p(-3). Suppose 4*v = 3*v + u, -3*v - u + 20 = 0. Calculate the greatest common factor of x and v.
5
Suppose 0 = 3*i - 0*i - 2*z - 117, -4*z = 0. Calculate the greatest common divisor of i and 26.
13
Suppose -81*d = -46*d - 1594 - 3761. Suppose -2*f + 398 = 4*r, 5*r - 5*f - 525 = -2*f. Calculate the highest common divisor of r and d.
51
Let j = 26 - 24. Suppose 2*a + 3*a + j*h = 64, -20 = -2*a + 2*h. Calculate the highest common divisor of a and 4.
4
Let z = -4189 + 4211. Let j = -1 - -2. Let d be 1 + 30/(3/j). What is the greatest common divisor of d and z?
11
Suppose 0 = 4*t + 22 + 66. Let h be (-6)/33 - 334/t. Calculate the highest common divisor of 120 and h.
15
Suppose -5*x - 2*q + 325 = -7*q, 4*x - q - 275 = 0. What is the greatest common factor of x and 50?
10
Let v be (-249)/(-166) + (25/2 - -1). What is the greatest common factor of 195 and v?
15
Suppose 9 = 3*a - 6*a, 0 = -2*v - 4*a + 136. Calculate the greatest common factor of v and 592.
74
Let x = 408 - 350. Calculate the highest common factor of 319 and x.
29
Let t(i) = -i**3 + 34*i**2 + 74*i - 64. Let b be t(36). Calculate the highest common factor of 848 and b.
8
Let j be ((-30)/(-35))/(-3)*-7. Suppose -30 = -8*y + j*y. Suppose 0 = -3*d + 5*i - i + 22, y*d = i + 48. Calculate the greatest common divisor of d and 30.
10
Let n = -25 - -14. Let f(y) = y**3 + 10*y**2 - 9*y + 5. Let w be f(n). Let a = w - -19. Calculate the greatest common divisor of 3 and a.
1
Let l = -168 + 762. What is the highest common factor of l and 54?
54
Suppose 5*l - 3*j = 80, -l + 13*j - 14*j + 8 = 0. What is the greatest common divisor of l and 1807?
13
Suppose 2*w - 357 = -5*x - 67, 4*w - 290 = -5*x. What is the highest common factor of 261 and x?
29
Suppose 4*y + 14 = 8*y - 2*r, -y - 5*r + 9 = 0. Suppose 0 - 16 = -k - 3*v, -y*v - 23 = -k. Calculate the greatest common divisor of 38 and k.
19
Let z be 5 - (-2 - -2) - 2. Suppose -z*u = -3, -2*q = -0*q - u - 15. Calculate the highest common divisor of q and 72.
8
Suppose -62 = -4*w + c, -8*w + 11 = -7*w + 2*c. Let h be (-2)/2*(-10 + 0). Calculate the greatest common factor of h and w.
5
Let u = 470 - 466. Calculate the highest common divisor of 6 and u.
2
Let n be (-7 + 75/9)*(1 + 146). Suppose -2*i + n = 2*g, -3*i + 6*i - 5*g = 278. What is the highest common factor of 24 and i?
24
Let p = -1407 + 1431. Calculate the highest common divisor of 120 and p.
24
Suppose -4*o + 8 = 52. Let v be (-2 - 0)/2*o. Suppose -l + 3 = -v. What is the highest common factor of 7 and l?
7
Let k be 689 + 4/12*21. Calculate the greatest common divisor of k and 24.
24
Suppose -2*q + 90 = 2*a, -2*a + q - 6*q + 87 = 0. Let w = 8 + a. Suppose 5*u - 5*v = 3*u + 36, -v - 18 = -u. Calculate the greatest common divisor of u and w.
18
Suppose -4*t = -3*x - 51, t + 69 = 5*t + 3*x. Let b = -3201 - -3291. What is the highest common divisor of b and t?
15
Let p(l) = -35 + 15*l + 23 - 36 + 292*l**2 - 291*l**2. Let a be p(4). Let i be 0 + 1 + 0 - -41. What is the greatest common factor of a and i?
14
Let u be (-112)/(-70) + 1 + 6/(-10). Suppose -20 = -4*l, -4*l = -2*z - u*l + 240. What is the highest common divisor of z and 25?
25
Let o be (-4)/16 - 24402/(-168). Calculate the highest common factor of o and 1160.
145
Suppose -104*d + 2*w = -109*d + 20, 0 = -4*w. Calculate the greatest common divisor of d and 716.
4
Suppose -6 = -5*f + 3*f, 0 = -4*s + 3*f - 341. Let c = 84 + s. Calculate the greatest common divisor of c and 23.
1
Let o = 122 - 52. Suppose -2*y - 3*y + o = 0. Calculate the greatest common divisor of y and 14.
14
Suppose 216 = -4*g - x + 4*x, g - 5*x + 37 = 0. Let i = -36 - g. Let j be 5*2/(-5) + 233. Calculate the highest common divisor of i and j.
21
Suppose -4*w + 33 = -3*w. Let j(k) be the second derivative of -7*k**3/3 + 3*k**2 + 23*k. Let f be j(-9). Calculate the highest common factor of f and w.
33
Suppose -5*v - 189 = -3*o, -v + 6*v + 252 = 4*o. What is the highest common divisor of o and 84?
21
Let d(w) = w**2 - 6*w - 12. Let b be d(4). Suppose 2*l = -2*i + 52, -5*i - 81 = -4*l + 68. Let a = l + b. Calculate the greatest common divisor of a and 1.
1
Let b(l) = l**3 + 27*l**2 + 2*l + 21. Let x be b(-27). Let o be (-442)/(-11) - 3/x*-2. What is the highest common factor of o and 10?
10
Suppose 2*r - 935 = 425. What is the greatest common factor of r and 80?
40
Let u = 39 + -36. Suppose -4*p + h + 52 = 3*h, 3*p + u*h = 42. Calculate the greatest common factor of 96 and p.
12
Let m be ((-132)/(-10))/(2/5). Suppose 5*s + 3*k = 0, s - k = -2*s + 14. Let a be (2/s)/((-16)/(-264)). What is the greatest common factor of a and m?
11
Suppose -8*i - 511 - 633 = 0. Let f = i - -223. What is the greatest common factor of 16 and f?
16
Let m(p) be the second derivative of 2*p**4/3 - 5*p**2/2 - 10*p. Let j be m(2). Calculate the highest common divisor of j and 45.
9
Let t(l) = l**2 - 9*l - 42. Let s be t(18). Calculate the greatest common divisor of s and 200.
40
Let q(l) = -34*l - 42. Suppose -18 = 2*r - 4*m, 4*r - 6*r = 2*m + 12. Let f be q(r). Calculate the highest common factor of 28 and f.
28
Let j(n) = 12*n - 8. Let k be j(10). What is the greatest common divisor of 14 and k?
14
Let q = 87 + -87. Suppose q = -28*v + 27*v + 78. Calculate the highest common factor of v and 52.
26
Let i(g) = 34*g**2 + 4*g + 2. Let a be i(-1). Suppose y = -4*q + 68, 4*y = -2*q + 3*y + a. Calculate the highest common divisor of 9 and q.
9
Let w be 3 + -2 + 4 + -3. Suppose -3*a = -3*m - 6, w*m - 5*a = -0*m - 13. Let y(n) = n + 25. Let d be y(-18). What is the greatest common factor of d and m?
1
Suppose 0*j + j + 382 = 0. Let g be (5 - j/10) + 2/(-10). Calculate the greatest common factor of 215 and g.
43
Suppose 10 = 4*q - 3*w, 6 = 7*w - 4*w. Suppose 0 = -q*b + 44 + 88. Calculate the greatest common factor of b and 3.
3
Let n = 2385 - 2245. Calculate the greatest common factor of n and 490.
70
Suppose 0 = 26*g - 34*g + 336. Calculate the greatest common divisor of 1218 and g.
42
Let q(n) = 6*n - 10. Let b be q(4). Suppose 10 = -4*v + b. Let c be (-17 + 16)/(v/(-3)). Calculate the highest common divisor of c and 30.
3
Suppose -11*h = -101 + 2. Calculate the greatest common divisor of 423 and h.
9
Let w(f) = 16*f - 68. Let s be w(21). What is the highest common factor of s and 67?
67
Suppose 6 + 130 = -2*h. Let y = h + 72. Calculate the highest common factor of y and 1.
1
Suppose -21*z + 145 = -44. Calculate the highest common divisor of 387 and z.
9
Let b be (-1*2)/((-3)/6 + 0). Let a(i) = 5*i**3 - i. Let u be a(1). Suppose -5*m + u = -6. Calculate the greatest common divisor of m and b.
2
Let u(m) = m - 7*m + 1 + 1 - 3*m. Let y be u(-1). What is the highest common factor of 33 and y?
11
Let m = -56 + 51. Let c = 68 + m. Calculate the greatest common divisor of 42 and c.
21
Let d(a) = -9*a + 3. Let i be d(2). Let t = -7 - i. What is the greatest common factor of 8 and t?
8
Let n(g) = -g**3 + 3*g**2 + 5*g + 8. Let f be n(4). Let u(s) = 36*s. Let m be u(1). What is the highest common factor of f and m?
12
Suppose -3*u = -4*k + 60, 5*k - 2*u - 41 = 41. What is the greatest common divisor of k and 54?
18
Suppose l - 74 = 16. Let a be (-25)/9 + (42/54 - 1). Let w be (7 + a)*1/(-2)*-5. What is the greatest